{"id":958,"date":"2012-01-10T18:01:17","date_gmt":"2012-01-10T17:01:17","guid":{"rendered":"http:\/\/cs.darkruby.net\/?page_id=958"},"modified":"2015-03-09T19:51:00","modified_gmt":"2015-03-09T18:51:00","slug":"honourable-admins","status":"publish","type":"page","link":"https:\/\/cs.darkruby.net\/?page_id=958","title":{"rendered":"Honourable Admins"},"content":{"rendered":"<div class=\"fcbkbttn_buttons_block\" id=\"fcbkbttn_left\"><div class=\"fcbkbttn_like \"><fb:like href=\"https:\/\/cs.darkruby.net\/?page_id=958\" action=\"like\" colorscheme=\"light\" layout=\"button_count\"  size=\"small\"><\/fb:like><\/div><\/div><p>Jsou to admini, kte\u0159\u00ed ud\u011blali pro server n\u011bco vyj\u00edme\u010dn\u00e9ho, ale u\u017e se na pr\u00e1ci serveru nepod\u00edl\u00ed, ob\u010das si p\u0159ijdou zahr\u00e1t.<br \/>\n<a href=\"https:\/\/cs.darkruby.net\/?page_id=188\">DnB<\/a><br \/>\n<strong>_securYti_Barborka468_ &#8211;<\/strong> Prvn\u00ed adminka na serveru<\/p>\n<p><strong>Kellysek &#8211; <\/strong>B\u00fdval\u00fd Public admin<\/p>\n<p><strong>sDog &#8211; <\/strong>B\u00fdval\u00fd hlavn\u00ed admin, mnoho toho pro server ud\u011blal a jeho skill byl ob\u00e1van\u00fd<\/p>\n<p><strong>D3N@rius &#8211; <\/strong> Jeden z nejlep\u0161\u00edch cheathunter\u016f na darkruby.<\/p>\n<script src=\"http:\/\/connect.facebook.net\/cs_CZ\/all.js#xfbml=1\"><\/script> <fb:like href=\"https%3A%2F%2Fcs.darkruby.net%2F%3Fpage_id%3D958\" show_faces=\"false\" style=\"margin:0px 0px 0px 0px;\"><\/fb:like>","protected":false},"excerpt":{"rendered":"<p>Jsou to admini, kte\u0159\u00ed ud\u011blali pro server n\u011bco vyj\u00edme\u010dn\u00e9ho, ale u\u017e se na pr\u00e1ci serveru nepod\u00edl\u00ed, ob\u010das si p\u0159ijdou zahr\u00e1t. DnB _securYti_Barborka468_ &#8211; Prvn\u00ed adminka na serveru Kellysek &#8211; B\u00fdval\u00fd Public admin sDog &#8211; B\u00fdval\u00fd hlavn\u00ed admin, mnoho toho pro server ud\u011blal a jeho skill byl ob\u00e1van\u00fd D3N@rius &#8211; Jeden z nejlep\u0161\u00edch cheathunter\u016f na darkruby.<\/p>\n","protected":false},"author":522,"featured_media":0,"parent":102,"menu_order":0,"comment_status":"open","ping_status":"open","template":"","meta":{"footnotes":""},"class_list":["post-958","page","type-page","status-publish","hentry"],"_links":{"self":[{"href":"https:\/\/cs.darkruby.net\/index.php?rest_route=\/wp\/v2\/pages\/958","targetHints":{"allow":["GET"]}}],"collection":[{"href":"https:\/\/cs.darkruby.net\/index.php?rest_route=\/wp\/v2\/pages"}],"about":[{"href":"https:\/\/cs.darkruby.net\/index.php?rest_route=\/wp\/v2\/types\/page"}],"author":[{"embeddable":true,"href":"https:\/\/cs.darkruby.net\/index.php?rest_route=\/wp\/v2\/users\/522"}],"replies":[{"embeddable":true,"href":"https:\/\/cs.darkruby.net\/index.php?rest_route=%2Fwp%2Fv2%2Fcomments&post=958"}],"version-history":[{"count":17,"href":"https:\/\/cs.darkruby.net\/index.php?rest_route=\/wp\/v2\/pages\/958\/revisions"}],"predecessor-version":[{"id":1714,"href":"https:\/\/cs.darkruby.net\/index.php?rest_route=\/wp\/v2\/pages\/958\/revisions\/1714"}],"up":[{"embeddable":true,"href":"https:\/\/cs.darkruby.net\/index.php?rest_route=\/wp\/v2\/pages\/102"}],"wp:attachment":[{"href":"https:\/\/cs.darkruby.net\/index.php?rest_route=%2Fwp%2Fv2%2Fmedia&parent=958"}],"curies":[{"name":"wp","href":"https:\/\/api.w.org\/{rel}","templated":true}]}}